posite?
False
Is 46756/(((-142)/(-497))/(2/14)) a composite number?
True
Let a be (-14)/(-18)*-3*-3. Suppose -3*x + 5*t = -a*x, 5*x - 5*t = 0. Suppose -w + 79 = -x*w. Is w composite?
False
Let v be (2 + (-16)/10)/((-3)/(-30)). Suppose 4*s = v, 2*s = 5*a + 4*s - 2. Suppose a = 3*u - 12235 - 2378. Is u a composite number?
False
Let u be (-2)/7 + 4/14. Suppose u = -2*s - s - 768. Let x = 435 + s. Is x a prime number?
True
Let c(m) = m + 1. Let s be c(-3). Let w be (0 - s)*5745/10. Let x = w + -650. Is x a prime number?
True
Let h(y) = 13*y - 12. Let p be h(1). Suppose -q + 2*b = -20855, 0*b + b = p. Is q prime?
True
Suppose 3*t + 3*k = 3, 5*t + 5*k - k = 7. Let y(z) = -4*z + 16. Let a be y(t). Suppose 550 = 5*d - a*l - l, -l + 1 = 0. Is d composite?
True
Suppose 2*z = 5*u - 16, 3*u = -z + 6*z + 2. Suppose -u*r + 1175 = r. Is r a prime number?
False
Let u = -36 + 41. Suppose -5*m - 2 = -c - 0, 4*m - 32 = u*c. Let s(a) = -128*a + 15. Is s(c) a prime number?
True
Suppose 15*y - 590529 = 13986. Is y prime?
False
Let l be (-1)/(-8) - (-651)/168. Let x be l/4 + 20/2. Suppose -x = 5*s - 666. Is s prime?
True
Let f(n) = 175*n - 40. Suppose -9*m + 22 = 4. Suppose m*k + 5 = 39. Is f(k) prime?
False
Suppose -3*m = -2*r - 26, -3*m + r = 4*r - 21. Suppose 4*l + 860 = m*l. Is l a prime number?
False
Let c(o) be the second derivative of -113*o**5/60 - o**4/8 + 9*o**3/2 - 3*o. Let v(d) be the second derivative of c(d). Is v(-4) prime?
False
Suppose -2*v - 6*q - 138218 = -4*q, -3*v = 5*q + 207333. Let o = -42479 - v. Is o a prime number?
True
Suppose 977917 = 3*z - 5*w, 31*z = 33*z - 3*w - 651946. Is z a composite number?
True
Is (-408501)/6*54/(-81) + 0 + 0 prime?
True
Suppose 3*l + 5*c - 112936 = 0, 46*l = 52*l + 5*c - 225907. Is l composite?
False
Let x = 115415 - 61498. Is x prime?
True
Suppose 15 = 5*g, -j + 2*g - 62 = -5*j. Let c(m) = m**3 - 3*m**2 - 9*m + 33. Is c(j) a prime number?
True
Let s be (-78)/16 - -5 - (-79)/8. Suppose s*w = w - 342. Let p = 193 + w. Is p prime?
False
Let k(s) = 36*s**2 + 15*s + 27. Let d be k(-8). Suppose -5*j = -d - 1554. Suppose 3*y = -4*g + j, -2*g - 2067 + 812 = -5*y. Is y prime?
True
Let p(g) = -3*g**2 + 13*g + 12. Let a be p(5). Is (26310/12 + 3)*a a prime number?
True
Suppose -62*u + 40*u + 634414 = 0. Is u composite?
False
Let d(k) = -6*k**2 + 31*k + 2. Suppose -2*p + 4*h + 18 = 0, -5*h = 5*p - 3*h - 21. Is d(p) composite?
False
Let m(y) = 8*y**2 - y - 2. Let d be m(2). Suppose -2*q = -5*a - 982 + 121, -5*q - a = -2112. Let f = q - d. Is f a composite number?
True
Let v be (-6)/9*((6 - 5) + -7). Let n = -1792 + 3155. Suppose -v*y - n = -3*r, 0*r = -2*r + y + 902. Is r a prime number?
True
Let g be (6/((-36)/(-2866)))/(2/(-6)). Let c(w) = -85*w**2 - 2*w - 1. Let z be c(-3). Let r = z - g. Is r a composite number?
False
Let z(o) = 386364*o**3 - 7*o**2 + 5*o + 1. Is z(1) a composite number?
False
Suppose -4*g - 2*x - 4622 = 0, -4*x + 1757 + 579 = -2*g. Let t = g - -1826. Suppose 0 = 3*d - d - t. Is d prime?
False
Let i be (-18*(-3)/(-2))/((-43)/172). Let g be (-18)/i - 262/12. Let y = 989 + g. Is y composite?
False
Suppose 4*m = p + 129000, -21609 - 10634 = -m + 2*p. Is m composite?
False
Suppose -61*o + 27517 = 5*f - 58*o, -16 = -4*o. Is f a prime number?
True
Let p = 711 - 9676. Is (4 + p/20)*-4 composite?
False
Let b = -444 - -451. Suppose b*w - 23145 = 21998. Is w composite?
False
Let i(a) = 64848*a**3 + 22*a**2 - 21*a. Is i(1) a composite number?
False
Suppose -22*g + 1517988 + 6085630 = 0. Is g a prime number?
False
Suppose 2868659 = 16*b - 1001308 - 2850913. Is b composite?
True
Is ((-79248)/(-9) - (-10)/5) + (-17)/51 prime?
True
Suppose -4*a = 248441 + 130599. Is a/(-14) + (-96)/(-224) prime?
False
Suppose 3*t - 7606 = -4*x, -4*x + 98*t - 103*t = -7602. Is x a composite number?
True
Suppose 3*q = x - 19986, 5*x - 3*q = 3*x + 39975. Let p = 28552 - x. Is p a prime number?
True
Let r(h) = 2*h**2 - 22*h - 7. Let b be r(21). Let j = -660 + 2238. Let w = j - b. Is w composite?
True
Let c(l) be the second derivative of 115*l**4/4 - l**3/2 + 4*l**2 - 13*l. Let y be c(4). Is 1/((-16544)/y + 3) composite?
True
Let t be 20 - ((-28)/(-4) + -7). Suppose 5*o + 84345 = t*o. Is o composite?
False
Let u(h) = 8*h**3 - 75*h**2 + 40*h - 29. Let b(w) = -w**3 - w**2 - w + 1. Let m(q) = -6*b(q) - u(q). Is m(38) a prime number?
False
Suppose 14*c - 223812 = 86358. Suppose -4*d = -19*d + c. Is d a prime number?
False
Suppose 2*f - 5*f + 2*i = -109678, 109668 = 3*f + 3*i. Suppose d - f = -3*y, -27*y = -30*y - 4*d + 36567. Is y prime?
False
Let h(y) = 4*y. Let z be h(1). Suppose g + v + z = 3*v, -15 = -5*v. Suppose g*k - 61 = -5*s, -8 = -0*s - s + k. Is s prime?
True
Is -2*6*((-23188650)/120 - 8) a composite number?
True
Let f = -1006 + 3212. Suppose v - f = -2*u, 2*u = -2*v - 3*u + 4412. Is v a prime number?
False
Suppose -3*p = 287984 - 867803. Is p composite?
True
Let y = 289530 - -94939. Is y a prime number?
True
Is 1205826*(7 + (-95)/6 - -9) a composite number?
False
Let m(y) = y**3 + 4*y**2 + 6*y + 9. Let d be m(-3). Is -4 - (d - 1410) - (-4 - -1) composite?
False
Suppose -2*f + 28*f - 62950 = f. Is f a prime number?
False
Is (-15)/12*4 - -137458 a prime number?
True
Let x(a) = -2*a**3 - 18*a**2 - 14*a - 23. Let i be (80/(-6) - -1) + (-19)/(-57). Is x(i) a composite number?
False
Suppose -4*m + 26*m - 4976990 = 782676. Is m a composite number?
True
Let f = -950 + 961. Suppose -23*n - f*n = -237218. Is n a prime number?
True
Let l = -39 - -36. Let z = l - -6. Suppose 0*x - z*x = -5*r + 1513, 301 = r - x. Is r a prime number?
False
Suppose 0 = -102*f - 168*f + 324*f - 5092578. Is f composite?
False
Is 2/(-17 - (-71996694)/4235098) composite?
False
Let j(y) = 118*y - 3. Let k(n) = n + 20. Suppose -3*m - 29 = 16. Let p be k(m). Is j(p) composite?
False
Suppose -3*i = 2*k - 27, -i + 13 - 4 = -4*k. Let v = -2 + i. Suppose 0 = v*d - 12367 - 2004. Is d a prime number?
True
Let x(u) = -3*u**3 - 226*u**2 - 158*u - 101. Is x(-80) composite?
False
Is 2331094/20 - ((-3745)/(-350) + -11) a composite number?
True
Suppose 3*o = 5*o + 2, -m + 2*o = -1. Let r(n) be the first derivative of -115*n**2/2 + 4*n - 21. Is r(m) a composite number?
True
Is ((-1)/(-4)*40 - 9)*428215 a composite number?
True
Let a = 18000 - 5875. Let s = 21616 - a. Is s prime?
True
Suppose -6*q + 117336 + 308574 = -2*p, 4*p = -3*q + 212985. Is q a prime number?
False
Suppose -5*i + 1090 + 2810 = -n, 4*i - 3099 = 5*n. Suppose -f - 4*x = -2604, -x - 2521 = -f + 113. Let y = f - i. Is y a prime number?
True
Let p(b) = 2*b**3 - 2*b**3 + 24*b - 10*b**3 + 43 + 11*b**2 - 21*b + 0*b**3. Is p(-10) a prime number?
True
Suppose 5*f = 376 + 589. Suppose 4*m - 998 = 4*z - 2*z, -3*m + 755 = 5*z. Let p = m + f. Is p prime?
True
Suppose j - r - 37483 = 0, -4*j + 4*r = -j - 112445. Is j a composite number?
True
Let p be 33/((-7)/(-2) + 6 + -10). Is ((-22)/p + 15758/(-6))/(-2) prime?
False
Suppose 0 = -131*g + 267*g - 99*g - 16380233. Is g a composite number?
True
Suppose 2*c - 4*w = -2, -4*c - 2*w + w + 5 = 0. Let h be c*-1*81739/(-14)*2. Suppose 0 = -5*u - 7*t + 11*t + h, -u = -4*t - 2345. Is u composite?
False
Let g = -11337 + 15124. Is g a composite number?
True
Let q(l) = l**3 + 10*l**2 + 4*l - 7. Suppose 6*r + 2 = -4. Let d = r - -9. Is q(d) a composite number?
True
Let y(p) = 18*p**3 + 19*p**2 + 113*p - 113. Is y(22) prime?
True
Suppose -c + 5*n + 932714 = 0, c + 59*n = 57*n + 932763. Is c composite?
False
Suppose 2*w + 6095331 = 83*w. Is w composite?
True
Suppose 4*i - 2*i = -h - 130, 60 = -i - 3*h. Is -6 + i/(-12) + 2723/2 a prime number?
True
Suppose 26633 = -21*g - 64570. Let s = 6796 + g. Is s prime?
False
Suppose -3*z - 5*p = -715725, 361*p = 5*z + 357*p - 1192949. Is z prime?
False
Suppose 0 = 3*a - 46*b + 45*b - 144402, -a - 4*b = -48121. Is a composite?
True
Let i = -27364 + 135335. Is i prime?
True
Suppose 3*d - 138142 = -5*k, -k - 72*d + 69*d = -27626. Is k composite?
True
Let p(z) = 13*z**2 - 17*z - 1. Suppose 5*r - 280 = -t, 3*r - 1440 = -5*t - 2*r. Let o be 1 - (-15)/(-21) - t/35. Is p(o) composite?
False
Let w(y) = 313*y + 74. Let u be w(25). Suppose -l - v = v - u, 2*l - 2*v - 15828 = 0. Is l composite?
True
Suppose 14*t + 6*t + 80 = 0. Let f be (t + 2)*(4/(-8) - 0). Is 